{"id":54,"date":"2025-06-18T19:37:01","date_gmt":"2025-06-18T19:37:01","guid":{"rendered":"https:\/\/www.ucateci.edu.do\/onesalud\/?page_id=54"},"modified":"2025-07-29T18:53:54","modified_gmt":"2025-07-29T18:53:54","slug":"guia-para-autores","status":"publish","type":"page","link":"https:\/\/www.ucateci.edu.do\/onesalud\/guia-para-autores\/","title":{"rendered":"Gu\u00eda para autores"},"content":{"rendered":"\t\t<div data-elementor-type=\"wp-page\" data-elementor-id=\"54\" class=\"elementor elementor-54\">\n\t\t\t\t<div class=\"elementor-element elementor-element-341ea35e e-flex e-con-boxed e-con e-parent\" data-id=\"341ea35e\" data-element_type=\"container\">\n\t\t\t\t\t<div class=\"e-con-inner\">\n\t\t\t\t<div class=\"elementor-element elementor-element-2c612a0d elementor-widget elementor-widget-text-editor\" data-id=\"2c612a0d\" data-element_type=\"widget\" data-widget_type=\"text-editor.default\">\n\t\t\t\t<div class=\"elementor-widget-container\">\n\t\t\t\t\t\t\t\t\t<p>El <em>Bolet\u00edn Una Salud <\/em>de la UCATECI es una publicaci\u00f3n en l\u00ednea, con ediciones bianuales (abril y octubre), que refleja los temas y las actividades clave de la comunidad global de Una Salud. Los art\u00edculos deben incorporar un an\u00e1lisis cr\u00edtico sobre las actividades de educaci\u00f3n, pr\u00e1cticas e investigaci\u00f3n relacionadas con el concepto del bolet\u00edn. Esta publicaci\u00f3n incluye un reconocimiento a un l\u00edder destacado de la comunidad cient\u00edfica que trabaje actualmente en una disciplina vinculada con la salud humana, animal y ambiental. Los autores son los estudiantes y docentes de la UCATECI, as\u00ed como expertos y cient\u00edficos invitados.<\/p>\n<p><!-- \/wp:paragraph --><!-- wp:paragraph --><\/p>\n<p><strong>Formato:<\/strong><\/p>\n<p><!-- \/wp:paragraph --><!-- wp:paragraph --><\/p>\n<p>Se debe enviar un archivo de MS Word con un l\u00edmite de 500 palabras, estar escrito en Times New Roman de 12, en una p\u00e1gina de 8 1\u20442\u00d711, con un margen de 1 pulgada, en doble espacio, y estar escrito en espa\u00f1ol. Si se utilizan abreviaturas, estas se deben definir en el primer uso. Los autores deben incluir las informaciones personales (nombre, grado, afiliaci\u00f3n primaria y correo electr\u00f3nico), texto del art\u00edculo y los documentos de apoyo (figuras, tablas, fotograf\u00edas).<\/p>\n<p><!-- \/wp:paragraph --><!-- wp:paragraph --><\/p>\n<p>Se puede incluir hasta dos figuras (.xlx), dos fotograf\u00edas (.jpg o .png) y una tabla (.docx), con una breve descripci\u00f3n al pie de cada una.<\/p>\n<p><!-- \/wp:paragraph --><!-- wp:paragraph --><\/p>\n<p><strong>Figuras y tabla:<\/strong><\/p>\n<p><!-- \/wp:paragraph --><!-- wp:paragraph --><\/p>\n<p>Se puede incluir hasta dos figuras (.xlx) y una tabla (.docx), con una breve descripci\u00f3n y fuente, y se debe confirmar el derecho de autor si aplica. Las figuras se deben incorporar como archivos separados y la tabla en el documento, con la indicaci\u00f3n de (Figura 1) o (Tabla 1) en el texto.<\/p>\n<p><!-- \/wp:paragraph --><!-- wp:paragraph --><\/p>\n<p><strong>Fotograf\u00eda:<\/strong><\/p>\n<p><!-- \/wp:paragraph --><!-- wp:paragraph --><\/p>\n<p>Se puede incluir una fotograf\u00eda en formato (.jpeg o .png), con una\u00a0 breve descripci\u00f3n y fuente, y se debe confirmar el derecho de autor si aplica. La fotograf\u00eda debe tener un m\u00ednimo de 600 p\u00edxeles y debe incorporarse como archivo separado, con la indicaci\u00f3n de (Fotograf\u00eda 1) en el texto. La fotograf\u00eda debe medir al menos \u00a0600 p\u00edxeles de largo y 72 p\u00edxeles \u00a0por pulgada.<\/p>\n<p><!-- \/wp:paragraph --><!-- wp:paragraph --><\/p>\n<p><strong>Referencias:<\/strong><\/p>\n<p><!-- \/wp:paragraph --><!-- wp:paragraph --><\/p>\n<p>Los autores deben incorporar citas bibliogr\u00e1ficas de la literatura cient\u00edfica para apoyar el contenido de sus art\u00edculos. Cada art\u00edculo debe incluir un m\u00e1ximo de cinco referencias y seguir el formato de la Asociaci\u00f3n M\u00e9dica Americana (AMA).<\/p>\n<p><!-- \/wp:paragraph --><!-- wp:paragraph --><\/p>\n<p><strong>Env\u00edo y proceso editorial:<\/strong><\/p>\n<p><!-- \/wp:paragraph --><!-- wp:paragraph --><\/p>\n<p>Los art\u00edculos deben enviarse al equipo editorial del <em>Bolet\u00edn Una Salud <\/em>de la UCATECI al correo electr\u00f3nico <a href=\"mailto:bienvenido.veras@ucateci.edu.do\">bienvenido.veras@ucateci.edu.do<\/a>, para su revisi\u00f3n. La revisi\u00f3n de cada art\u00edculo abarca los siguientes aspectos: contenido, gram\u00e1tica, calidad y aporte cient\u00edfico. El env\u00edo de un art\u00edculo al equipo editorial no garantiza su publicaci\u00f3n. El equipo editorial trabajar\u00e1 con los autores durante el proceso. Una vez completada la revisi\u00f3n editorial, se enviar\u00e1 de nuevo el documento al equipo editorial, quienes tendr\u00e1n 72 horas para responder a las anotaciones se\u00f1aladas para mejoras.<\/p>\n<p><!-- \/wp:paragraph --><!-- wp:paragraph --><\/p>\n<p><strong>Otros comentarios:<\/strong><\/p>\n<p><!-- \/wp:paragraph --><!-- wp:paragraph --><\/p>\n<p>Los autores deber\u00e1n revisar cuidadosamente toda la informaci\u00f3n contenida en el art\u00edculo para mantener la originalidad de sus manuscritos y evitar que estos contengan partes o similitudes con otros documentos sin haber sido citados previamente. Si los autores han empleado la inteligencia artificial (IA) para ayudar a escribir o desarrollar su art\u00edculo, deber\u00e1n citarla y mencionarla, explicando cu\u00e1l ha sido su uso. Los autores son los \u00fanicos responsables del contenido de los art\u00edculos y dar\u00e1n su permiso para que el <em>Bolet\u00edn Una Salud <\/em>de la UCATECI pueda usar el contenido, fotograf\u00edas, tablas y figuras como materiales promocionales, citando siempre al autor.<\/p>\n<p><!-- \/wp:paragraph --><\/p>\t\t\t\t\t\t\t\t<\/div>\n\t\t\t\t<\/div>\n\t\t\t\t\t<\/div>\n\t\t\t\t<\/div>\n\t\t\t\t<\/div>\n\t\t","protected":false},"excerpt":{"rendered":"<p>El Bolet\u00edn Una Salud de la UCATECI es una publicaci\u00f3n en l\u00ednea, con ediciones bianuales (abril y octubre), que refleja los temas y las actividades clave de la comunidad global &hellip; <\/p>\n","protected":false},"author":2,"featured_media":165,"parent":0,"menu_order":0,"comment_status":"closed","ping_status":"closed","template":"","meta":{"footnotes":""},"categories":[],"tags":[],"class_list":["post-54","page","type-page","status-publish","has-post-thumbnail","hentry"],"yoast_head":"<!-- This site is optimized with the Yoast SEO plugin v25.3 - https:\/\/yoast.com\/wordpress\/plugins\/seo\/ -->\n<title>Gu\u00eda para autores - BOLET\u00cdN UNA SALUD-UCATECI<\/title>\n<meta name=\"robots\" content=\"index, follow, max-snippet:-1, max-image-preview:large, max-video-preview:-1\" \/>\n<link rel=\"canonical\" href=\"https:\/\/www.ucateci.edu.do\/onesalud\/guia-para-autores\/\" \/>\n<meta property=\"og:locale\" content=\"es_MX\" \/>\n<meta property=\"og:type\" content=\"article\" \/>\n<meta property=\"og:title\" content=\"Gu\u00eda para autores - BOLET\u00cdN UNA SALUD-UCATECI\" \/>\n<meta property=\"og:description\" content=\"El Bolet\u00edn Una Salud de la UCATECI es una publicaci\u00f3n en l\u00ednea, con ediciones bianuales (abril y octubre), que refleja los temas y las actividades clave de la comunidad global &hellip;\" \/>\n<meta property=\"og:url\" content=\"https:\/\/www.ucateci.edu.do\/onesalud\/guia-para-autores\/\" \/>\n<meta property=\"og:site_name\" content=\"BOLET\u00cdN UNA SALUD-UCATECI\" \/>\n<meta property=\"article:modified_time\" content=\"2025-07-29T18:53:54+00:00\" \/>\n<meta property=\"og:image\" content=\"https:\/\/www.ucateci.edu.do\/onesalud\/wp-content\/uploads\/2025\/07\/boletin-02--scaled.jpg\" \/>\n\t<meta property=\"og:image:width\" content=\"2560\" \/>\n\t<meta property=\"og:image:height\" content=\"323\" \/>\n\t<meta property=\"og:image:type\" content=\"image\/jpeg\" \/>\n<meta name=\"twitter:card\" content=\"summary_large_image\" \/>\n<meta name=\"twitter:label1\" content=\"Tiempo de lectura\" \/>\n\t<meta name=\"twitter:data1\" content=\"3 minutos\" \/>\n<script type=\"application\/ld+json\" class=\"yoast-schema-graph\">{\"@context\":\"https:\/\/schema.org\",\"@graph\":[{\"@type\":\"WebPage\",\"@id\":\"https:\/\/www.ucateci.edu.do\/onesalud\/guia-para-autores\/\",\"url\":\"https:\/\/www.ucateci.edu.do\/onesalud\/guia-para-autores\/\",\"name\":\"Gu\u00eda para autores - BOLET\u00cdN UNA SALUD-UCATECI\",\"isPartOf\":{\"@id\":\"https:\/\/www.ucateci.edu.do\/onesalud\/#website\"},\"primaryImageOfPage\":{\"@id\":\"https:\/\/www.ucateci.edu.do\/onesalud\/guia-para-autores\/#primaryimage\"},\"image\":{\"@id\":\"https:\/\/www.ucateci.edu.do\/onesalud\/guia-para-autores\/#primaryimage\"},\"thumbnailUrl\":\"https:\/\/www.ucateci.edu.do\/onesalud\/wp-content\/uploads\/2025\/07\/boletin-02--scaled.jpg\",\"datePublished\":\"2025-06-18T19:37:01+00:00\",\"dateModified\":\"2025-07-29T18:53:54+00:00\",\"breadcrumb\":{\"@id\":\"https:\/\/www.ucateci.edu.do\/onesalud\/guia-para-autores\/#breadcrumb\"},\"inLanguage\":\"es\",\"potentialAction\":[{\"@type\":\"ReadAction\",\"target\":[\"https:\/\/www.ucateci.edu.do\/onesalud\/guia-para-autores\/\"]}]},{\"@type\":\"ImageObject\",\"inLanguage\":\"es\",\"@id\":\"https:\/\/www.ucateci.edu.do\/onesalud\/guia-para-autores\/#primaryimage\",\"url\":\"https:\/\/www.ucateci.edu.do\/onesalud\/wp-content\/uploads\/2025\/07\/boletin-02--scaled.jpg\",\"contentUrl\":\"https:\/\/www.ucateci.edu.do\/onesalud\/wp-content\/uploads\/2025\/07\/boletin-02--scaled.jpg\",\"width\":2560,\"height\":323},{\"@type\":\"BreadcrumbList\",\"@id\":\"https:\/\/www.ucateci.edu.do\/onesalud\/guia-para-autores\/#breadcrumb\",\"itemListElement\":[{\"@type\":\"ListItem\",\"position\":1,\"name\":\"Inicio\",\"item\":\"https:\/\/www.ucateci.edu.do\/onesalud\/\"},{\"@type\":\"ListItem\",\"position\":2,\"name\":\"Gu\u00eda para autores\"}]},{\"@type\":\"WebSite\",\"@id\":\"https:\/\/www.ucateci.edu.do\/onesalud\/#website\",\"url\":\"https:\/\/www.ucateci.edu.do\/onesalud\/\",\"name\":\"BOLET\u00cdN UNA SALUD-UCATECI\",\"description\":\"\",\"potentialAction\":[{\"@type\":\"SearchAction\",\"target\":{\"@type\":\"EntryPoint\",\"urlTemplate\":\"https:\/\/www.ucateci.edu.do\/onesalud\/?s={search_term_string}\"},\"query-input\":{\"@type\":\"PropertyValueSpecification\",\"valueRequired\":true,\"valueName\":\"search_term_string\"}}],\"inLanguage\":\"es\"}]}<\/script>\n<!-- \/ Yoast SEO plugin. -->","yoast_head_json":{"title":"Gu\u00eda para autores - BOLET\u00cdN UNA SALUD-UCATECI","robots":{"index":"index","follow":"follow","max-snippet":"max-snippet:-1","max-image-preview":"max-image-preview:large","max-video-preview":"max-video-preview:-1"},"canonical":"https:\/\/www.ucateci.edu.do\/onesalud\/guia-para-autores\/","og_locale":"es_MX","og_type":"article","og_title":"Gu\u00eda para autores - BOLET\u00cdN UNA SALUD-UCATECI","og_description":"El Bolet\u00edn Una Salud de la UCATECI es una publicaci\u00f3n en l\u00ednea, con ediciones bianuales (abril y octubre), que refleja los temas y las actividades clave de la comunidad global &hellip;","og_url":"https:\/\/www.ucateci.edu.do\/onesalud\/guia-para-autores\/","og_site_name":"BOLET\u00cdN UNA SALUD-UCATECI","article_modified_time":"2025-07-29T18:53:54+00:00","og_image":[{"width":2560,"height":323,"url":"https:\/\/www.ucateci.edu.do\/onesalud\/wp-content\/uploads\/2025\/07\/boletin-02--scaled.jpg","type":"image\/jpeg"}],"twitter_card":"summary_large_image","twitter_misc":{"Tiempo de lectura":"3 minutos"},"schema":{"@context":"https:\/\/schema.org","@graph":[{"@type":"WebPage","@id":"https:\/\/www.ucateci.edu.do\/onesalud\/guia-para-autores\/","url":"https:\/\/www.ucateci.edu.do\/onesalud\/guia-para-autores\/","name":"Gu\u00eda para autores - BOLET\u00cdN UNA SALUD-UCATECI","isPartOf":{"@id":"https:\/\/www.ucateci.edu.do\/onesalud\/#website"},"primaryImageOfPage":{"@id":"https:\/\/www.ucateci.edu.do\/onesalud\/guia-para-autores\/#primaryimage"},"image":{"@id":"https:\/\/www.ucateci.edu.do\/onesalud\/guia-para-autores\/#primaryimage"},"thumbnailUrl":"https:\/\/www.ucateci.edu.do\/onesalud\/wp-content\/uploads\/2025\/07\/boletin-02--scaled.jpg","datePublished":"2025-06-18T19:37:01+00:00","dateModified":"2025-07-29T18:53:54+00:00","breadcrumb":{"@id":"https:\/\/www.ucateci.edu.do\/onesalud\/guia-para-autores\/#breadcrumb"},"inLanguage":"es","potentialAction":[{"@type":"ReadAction","target":["https:\/\/www.ucateci.edu.do\/onesalud\/guia-para-autores\/"]}]},{"@type":"ImageObject","inLanguage":"es","@id":"https:\/\/www.ucateci.edu.do\/onesalud\/guia-para-autores\/#primaryimage","url":"https:\/\/www.ucateci.edu.do\/onesalud\/wp-content\/uploads\/2025\/07\/boletin-02--scaled.jpg","contentUrl":"https:\/\/www.ucateci.edu.do\/onesalud\/wp-content\/uploads\/2025\/07\/boletin-02--scaled.jpg","width":2560,"height":323},{"@type":"BreadcrumbList","@id":"https:\/\/www.ucateci.edu.do\/onesalud\/guia-para-autores\/#breadcrumb","itemListElement":[{"@type":"ListItem","position":1,"name":"Inicio","item":"https:\/\/www.ucateci.edu.do\/onesalud\/"},{"@type":"ListItem","position":2,"name":"Gu\u00eda para autores"}]},{"@type":"WebSite","@id":"https:\/\/www.ucateci.edu.do\/onesalud\/#website","url":"https:\/\/www.ucateci.edu.do\/onesalud\/","name":"BOLET\u00cdN UNA SALUD-UCATECI","description":"","potentialAction":[{"@type":"SearchAction","target":{"@type":"EntryPoint","urlTemplate":"https:\/\/www.ucateci.edu.do\/onesalud\/?s={search_term_string}"},"query-input":{"@type":"PropertyValueSpecification","valueRequired":true,"valueName":"search_term_string"}}],"inLanguage":"es"}]}},"rttpg_featured_image_url":{"full":["https:\/\/www.ucateci.edu.do\/onesalud\/wp-content\/uploads\/2025\/07\/boletin-02--scaled.jpg",2560,323,false],"landscape":["https:\/\/www.ucateci.edu.do\/onesalud\/wp-content\/uploads\/2025\/07\/boletin-02--scaled.jpg",2560,323,false],"portraits":["https:\/\/www.ucateci.edu.do\/onesalud\/wp-content\/uploads\/2025\/07\/boletin-02--scaled.jpg",2560,323,false],"thumbnail":["https:\/\/www.ucateci.edu.do\/onesalud\/wp-content\/uploads\/2025\/07\/boletin-02--150x150.jpg",150,150,true],"medium":["https:\/\/www.ucateci.edu.do\/onesalud\/wp-content\/uploads\/2025\/07\/boletin-02--300x38.jpg",300,38,true],"large":["https:\/\/www.ucateci.edu.do\/onesalud\/wp-content\/uploads\/2025\/07\/boletin-02--1024x129.jpg",767,97,true],"1536x1536":["https:\/\/www.ucateci.edu.do\/onesalud\/wp-content\/uploads\/2025\/07\/boletin-02--1536x194.jpg",1536,194,true],"2048x2048":["https:\/\/www.ucateci.edu.do\/onesalud\/wp-content\/uploads\/2025\/07\/boletin-02--2048x259.jpg",2048,259,true],"blossom-spa-single":["https:\/\/www.ucateci.edu.do\/onesalud\/wp-content\/uploads\/2025\/07\/boletin-02--1920x533.jpg",1920,533,true],"blossom-spa-service":["https:\/\/www.ucateci.edu.do\/onesalud\/wp-content\/uploads\/2025\/07\/boletin-02--480x324.jpg",480,324,true],"blossom-spa-team":["https:\/\/www.ucateci.edu.do\/onesalud\/wp-content\/uploads\/2025\/07\/boletin-02--270x300.jpg",270,300,true],"blossom-spa-pagination":["https:\/\/www.ucateci.edu.do\/onesalud\/wp-content\/uploads\/2025\/07\/boletin-02--370x247.jpg",370,247,true],"blossom-spa-blog-list":["https:\/\/www.ucateci.edu.do\/onesalud\/wp-content\/uploads\/2025\/07\/boletin-02--640x480.jpg",640,480,true],"blossom-spa-blog-classic":["https:\/\/www.ucateci.edu.do\/onesalud\/wp-content\/uploads\/2025\/07\/boletin-02--776x517.jpg",776,517,true],"blossom-spa-blog-classic-full":["https:\/\/www.ucateci.edu.do\/onesalud\/wp-content\/uploads\/2025\/07\/boletin-02--1170x517.jpg",1170,517,true],"blossom-spa-related":["https:\/\/www.ucateci.edu.do\/onesalud\/wp-content\/uploads\/2025\/07\/boletin-02--110x83.jpg",110,83,true]},"rttpg_author":{"display_name":false,"author_link":"https:\/\/www.ucateci.edu.do\/onesalud\/author\/aperalta\/"},"rttpg_comment":0,"rttpg_category":false,"rttpg_excerpt":"El Bolet\u00edn Una Salud de la UCATECI es una publicaci\u00f3n en l\u00ednea, con ediciones bianuales (abril y octubre), que refleja los temas y las actividades clave de la comunidad global &hellip;","_links":{"self":[{"href":"https:\/\/www.ucateci.edu.do\/onesalud\/wp-json\/wp\/v2\/pages\/54","targetHints":{"allow":["GET"]}}],"collection":[{"href":"https:\/\/www.ucateci.edu.do\/onesalud\/wp-json\/wp\/v2\/pages"}],"about":[{"href":"https:\/\/www.ucateci.edu.do\/onesalud\/wp-json\/wp\/v2\/types\/page"}],"author":[{"embeddable":true,"href":"https:\/\/www.ucateci.edu.do\/onesalud\/wp-json\/wp\/v2\/users\/2"}],"replies":[{"embeddable":true,"href":"https:\/\/www.ucateci.edu.do\/onesalud\/wp-json\/wp\/v2\/comments?post=54"}],"version-history":[{"count":11,"href":"https:\/\/www.ucateci.edu.do\/onesalud\/wp-json\/wp\/v2\/pages\/54\/revisions"}],"predecessor-version":[{"id":204,"href":"https:\/\/www.ucateci.edu.do\/onesalud\/wp-json\/wp\/v2\/pages\/54\/revisions\/204"}],"wp:featuredmedia":[{"embeddable":true,"href":"https:\/\/www.ucateci.edu.do\/onesalud\/wp-json\/wp\/v2\/media\/165"}],"wp:attachment":[{"href":"https:\/\/www.ucateci.edu.do\/onesalud\/wp-json\/wp\/v2\/media?parent=54"}],"wp:term":[{"taxonomy":"category","embeddable":true,"href":"https:\/\/www.ucateci.edu.do\/onesalud\/wp-json\/wp\/v2\/categories?post=54"},{"taxonomy":"post_tag","embeddable":true,"href":"https:\/\/www.ucateci.edu.do\/onesalud\/wp-json\/wp\/v2\/tags?post=54"}],"curies":[{"name":"wp","href":"https:\/\/api.w.org\/{rel}","templated":true}]}}